t are the prime factors of a?
83
Suppose 0 = 11*o + 42108 - 278080. What are the prime factors of o?
2, 31, 173
Let q(m) = -m**3 - 8*m**2 + 2*m - 1. Let i = -442 + 432. List the prime factors of q(i).
179
Suppose -2*b + 23066 = 5*k, -4*b - 28581 + 74725 = 4*k. List the prime factors of b.
2, 3, 641
Suppose -2*r + 5*a = -35, -4*r + 2*a + 2 = -28. Suppose -r*h + 310 = -1710. What are the prime factors of h?
2, 101
Suppose -230945 - 187043 = -16*f - 67*f. List the prime factors of f.
2, 1259
Suppose -18*j + 107 = -37. List the prime factors of 6/j - (5 + (-513)/4).
2, 31
Let z = -209 + 308. Let i = -121 + z. Let q = i - -162. List the prime factors of q.
2, 5, 7
Suppose 4*p + k + 39 = 0, 2*p - 2*k + 16 = -6. Let c be (-8)/p*(-435)/(-6). Let z = c - 34. What are the prime factors of z?
2, 3
Let h = -12819 - -20556. List the prime factors of h.
3, 2579
Let m be (6 - 5)/(-1 + (-24)/(-28)). List the prime factors of ((-1 + 8)/m)/(1/(-197)).
197
Let b = 87 + -82. Suppose -7 + 2 = b*v, 3*x + 304 = 2*v. Let y = 34 - x. List the prime factors of y.
2, 17
Suppose 16*g - 365217 = -0*g - 7*g. List the prime factors of g.
3, 67, 79
Suppose 4*i - 96 = -2*t, -5*i + 8*t + 122 = 10*t. Suppose i*j = 7*j + 26087. What are the prime factors of j?
1373
Let q(f) = 14*f**3 + 2*f**2 + 2*f. Let m(t) = -t**2 - t + 1. Let s(g) = m(g) - q(g). List the prime factors of s(-3).
19
Let o(l) = -5*l**3 - 3*l**2 + 6*l - 4. Let f be o(-4). Suppose f*j - 234*j - 17500 = 0. List the prime factors of j.
2, 5, 7
What are the prime factors of 21435/((-22)/(308/(-42)))?
5, 1429
Let s(f) = 11*f**2 - f + 1. Let y be s(1). Suppose -5*z - 18 = -y*z. Suppose z*h + 5*l = 45, 3*l - 1 = -h + 14. List the prime factors of h.
3, 5
Let w(q) = 12*q + 66. Let n be w(-16). Let b = n + 237. What are the prime factors of b?
3, 37
Let y(a) be the second derivative of -a**5/20 + 19*a**4/12 + a**3/6 - 6*a**2 - 40*a. Let f be y(19). Suppose 0 = f*g - 0*g - 1120. List the prime factors of g.
2, 5
Let q be (-6)/3*6/(-4). Let l(y) = -18*y + 335. Let o be l(19). List the prime factors of (12/(-7))/((q + -2)/o).
2, 3
Let m(j) = 10*j**2 + 593 - 264 - 533 - 32*j. List the prime factors of m(-12).
2, 3, 5
Let a(r) be the second derivative of 11*r**4/2 + r**2/2 - 70*r - 1. List the prime factors of a(3).
5, 7, 17
Let o(l) = -69*l - 4. Let p be o(-4). Suppose -g = -3*f - 355 - 85, -3*f - g = 430. Let z = p + f. What are the prime factors of z?
127
Let c(r) = 2*r + 25. Let l be c(-11). Suppose -2*g - 234 = -z + l*g, -3*z = 5*g - 662. Suppose -a + 3*a = z. What are the prime factors of a?
2, 7
Let m be (-2)/4*(31 - -29). Let c = m + 28. Let s(x) = -12*x**3 - x**2 + 2*x + 1. List the prime factors of s(c).
89
Let a = 20063 + -12026. What are the prime factors of a?
3, 19, 47
Let g = -243 - -261. Let w(m) = m**3 - 18*m**2 + 3*m - 13. What are the prime factors of w(g)?
41
Suppose 2*a = -0*a. Suppose -27*d - 1618 = -6532. Suppose d = 5*l + 3*y, -5*y + a*y - 42 = -l. List the prime factors of l.
37
Suppose 0 = -2*n + 3 + 7. Let u = 107 + -105. Suppose -n*v = -212 + u. What are the prime factors of v?
2, 3, 7
Let d be 5 - (-3)/(9/6 - 0). List the prime factors of d + -8 + 1238 - -1.
2, 619
Let k(l) = 17*l - 4*l - 20 - 8*l - 10*l. Let t be k(-5). Let u = 39 - t. What are the prime factors of u?
2, 17
Let j(u) = -3*u + 14. Let m be j(0). Let d = m - 10. Suppose -38 = -y + 2*n, -d*y + 104 + 39 = -5*n. List the prime factors of y.
2
Let x = 682 + -678. Suppose 0 = x*b - 3*s - 3054, -2*s + 2284 = 3*b - s. What are the prime factors of b?
2, 3, 127
Suppose 734*r - 743*r + 140391 = 0. What are the prime factors of r?
19, 821
Let v = 4899 - -3213. What are the prime factors of v?
2, 3, 13
What are the prime factors of 25/10*(-90016)/(-40)?
2, 29, 97
Suppose c - w - 1175 = 0, 0 = 2*c + 5*w - 2*w - 2340. Let x = c + -670. What are the prime factors of x?
503
Suppose 9053 + 2764 = 13*h. Let o = h - 564. What are the prime factors of o?
3, 5, 23
Suppose 2*l - 80646 = -10*i + 8*i, 0 = -5*i + 45. List the prime factors of l.
2, 3, 6719
Suppose 4*g - g = -3. Let s = g + 145. Suppose 0 = 5*w - 4*d - 671, 2*w + 5*d - 419 + s = 0. List the prime factors of w.
3, 5
Suppose 4517 - 975 = 2*r. Let h = r - -186. Suppose -13*m + h = -201. What are the prime factors of m?
2, 83
Suppose -r + 1142 = 4*k - 1731, -5*k - 5798 = -2*r. List the prime factors of r.
3, 107
Suppose 0 = -181*g - 129*g + 6192560. What are the prime factors of g?
2, 11, 227
Let r(u) = 4*u + 95. Let c be r(-19). Suppose -c*m = 3*m - 4488. List the prime factors of m.
2, 3, 17
List the prime factors of 15 + 924/(-60) + 46687/5.
9337
Let w(d) = -d**2 - 10*d - 22. Let s be w(-6). Suppose 4193 = 5*x + s*b, 0 = -17*x + 12*x - 4*b + 4201. List the prime factors of x.
3, 31
Suppose -2*f + 16*r - 18*r = 2, 4*r = 4*f + 20. List the prime factors of 3460/(f + 8) + (-2 - 3).
3, 229
Suppose -5*u + 2*t + 47031 = 0, 3*u + 2*t = 14882 + 13327. List the prime factors of u.
3, 5, 11, 19
Suppose 0 = -2*r - 3*a + 7966, 20*r + 7970 = 22*r + 5*a. List the prime factors of r.
2, 5, 199
Suppose 2*b - 855 = 7*b. Let l = 362 + b. List the prime factors of l.
191
Suppose 5*k = -l + 8705, 0 = 2*k - l + 6*l - 3505. Suppose -9*o = 51*o - k. List the prime factors of o.
29
Let h(y) = -y**3 - 6*y**2 - y. Let q be h(-6). Let j be 129/9 + (-8)/q + 1. What are the prime factors of 5 + (-2886)/(-42) - (-4)/j?
2, 37
Suppose -40 = 2*j - 4*j + 4*b, -j - 5*b + 6 = 0. Suppose 3*c - 12 = 2*h, -j = -c - 3*c - 5*h. What are the prime factors of (187/(-4))/((-1)/c)?
11, 17
Let z = -76 + 76. Suppose -58*b + 67*b + 1134 = z. What are the prime factors of (b - 1)/(2/(-4))?
2, 127
Let q(o) = -43*o**2 + 37*o - 16. Let c be q(7). Let f = -927 - c. List the prime factors of f.
937
What are the prime factors of ((-2)/(-4))/(216782/(-108392) - 1 - -3)?
2, 17, 797
Let m(c) = 18*c**3 - c**2 - 19*c - 16. What are the prime factors of m(7)?
2, 3, 83
Suppose 315*v - 6947125 + 3156457 = 2824962. What are the prime factors of v?
2, 10501
Suppose -s = -4*q + 92, 0 = s - 3*s + 5*q - 175. Let a = s + 555. What are the prime factors of a?
5, 19
Suppose -4*c + 9906 = 2*l, 20*c = -3*l + 19*c + 14839. What are the prime factors of l?
5, 23, 43
Let q = 2012 - 799. Let b = q - 565. List the prime factors of b.
2, 3
Let b(p) = 27*p**2 - 9*p - 11. Let i be b(9). Suppose i = 14*w - 4387. What are the prime factors of w?
463
Suppose 0 = -2*a + 2511 + 19493. What are the prime factors of a?
2, 5501
Let h = -1687 - -10695. What are the prime factors of h?
2, 563
Suppose -12*i + 30 = -27*i. Let d be (-6)/4*(-4672)/(-12). List the prime factors of d/(-6)*(-1)/(i/3).
2, 73
Suppose -4*x - u + 1959 = x, -5*x + 5*u = -1965. Suppose -x + 112 = -4*k. Let w = -62 + k. List the prime factors of w.
2
Suppose w + 24 = 4*s + 5*w, 24 = 4*s - 2*w. List the prime factors of (-5 - s/(-2)) + 58 + -5.
3, 17
Let r = 639 + -342. What are the prime factors of r + 15/45*(-10 + 1)?
2, 3, 7
Let b(a) = 154*a**2 - 49*a - 133. List the prime factors of b(-5).
2, 7, 283
Let g be ((-90)/10)/(3/(-5)). What are the prime factors of 9745/g + 7/((-42)/4)?
11, 59
Let k = 27326 + -11251. List the prime factors of k.
5, 643
Let y(a) = -6*a - 4*a**3 + 17*a + 3*a**3 - 5 + 2*a**2. Let g = 286 + -282. List the prime factors of y(g).
7
Let g(q) = -10*q + 19. Let p = 102 - 123. What are the prime factors of g(p)?
229
What are the prime factors of (-38290)/24*19/(-133) - 1/(-12)?
2, 3, 19
List the prime factors of (-427)/(-8 - 64515/(-8074)).
2, 61, 367
Let i be 7247*((-8 - -14) + -5). Suppose 5*t - i = -c, -c + 5*c = -5*t + 7253. What are the prime factors of t?
3, 7, 23
Let j be (1 - 1812/6)*(0 - 1). Let y = 64 + j. Suppose 5*f = 70 + y. What are the prime factors of f?
3, 29
Let o be -4 + (3 + 63 - 1). Let w = o - 51. What are the prime factors of (w/(-4) + 2)*(-173 - 5)?
89
Let y = 66007 + -27174. What are the prime factors of y?
38833
Let u = -9368 + 13115. What are the prime factors of u?
3, 1249
Suppose 4*s = -3*u + 28100, 2*u - 20 = 7*u. What are the prime factors of s?
2, 7, 251
Suppose 14*p - 110 = 12*p. Suppose -5*w + 30 = -p. List the prime factors of (-1 - 0)/1 - (-153)/w.
2
Let n(w) = -2*w**3 - 262*w**2 + 43*w - 807. What are the prime factors of n(-132)?
3, 5, 31, 61
Let n b